3796. What is the units digit of x/(-21) - 3*(-2)/(-21)?
6
Let l be (0/(-1) - 10)*7/(-14). Suppose -5*v + 281 = b, -l*b + v + 1425 = -84. What is the units digit of b?
1
Suppose 0 = 15*u - 29*u + 9030. What is the hundreds digit of u?
6
Suppose -5*d + 6 + 1 = 3*b, -d = 2*b. Let x be -5 - -4 - d - -6. Suppose -x*l - 3*i = 2*l - 395, -395 = -5*l + 5*i. What is the tens digit of l?
7
Suppose -2*o + 4*p - 8 = 0, 5 - 1 = -o - 5*p. Let x = 12 + -13. What is the hundreds digit of 514/4 + (6/o - x)?
1
Let n(y) = -5*y - 2. Let w be n(-6). Let t(a) = a**3 + 29*a**2 + a. Let g be t(0). Suppose g = 6*q - 5*q - w. What is the units digit of q?
8
Let i(x) = -2157*x - 192. Let l be i(8). What is the hundreds digit of 8/6*l/(-32)?
7
Let x(d) = d**3 - 13*d**2 + 2*d - 19. Let i be x(13). Let j(b) = 4*b**2 + 15*b + 9. Let u be j(-10). Suppose 0 = i*r + 35 - u. What is the tens digit of r?
3
Suppose 0*h - 2*h - 234 = o, -5*o - 1155 = -5*h. Let p = -409 + 287. Let n = p - o. What is the hundreds digit of n?
1
Let o(y) be the second derivative of y**6/60 + 3*y**5/40 + y**4/2 - 9*y**3/2 + y. Let s(d) be the second derivative of o(d). What is the tens digit of s(-5)?
1
Suppose c = -b + 397 + 5440, 17499 = 3*c + 5*b. What is the units digit of c?
3
Suppose -232*h + 227*h + 13960 = 0. Let v = h + -1434. What is the thousands digit of v?
1
Suppose -5*a - 71455 = -5*c + 52665, -2*a = c - 24839. What is the thousands digit of c?
4
Let g = -424 - -4548. What is the tens digit of g?
2
Let y(o) = -4*o - 58. Let n be y(-14). Let t be (-1*4)/8*n*0. Suppose t*g + 3*g - 168 = 0. What is the tens digit of g?
5
Let d(b) be the second derivative of -b**4/12 + 4*b**3 - 10*b**2 + 22*b. Let f be d(12). Suppose f = 3*x + 25. What is the tens digit of x?
3
Let j = -6808 - -8357. What is the thousands digit of j?
1
Let u(f) = -f**3 - 8*f**2 + 3*f + 20. Let y be u(-8). What is the tens digit of 0 - (-581 - -1) - (6 + y)?
7
Suppose -r - 4*y = 9, -2*y - 3 - 3 = 0. Let a be (r/(-6))/(5/10). Let v(n) = 132*n**2 + 3*n + 1. What is the tens digit of v(a)?
3
Let m(f) = -48*f**2 + 16*f**2 - 15*f + 33*f - 2 - 14*f. Let x be m(1). What is the tens digit of (-1545)/(-6)*x/(-25)?
0
Let o(r) = -r**3 - 5*r**2 + 2*r + 1. Let w be o(-6). Let p(d) = 49 - 1905*d**2 + 1904*d**2 + w*d + 13. What is the tens digit of p(19)?
7
Suppose 90 = 423*j - 425*j. Suppose 0 = -12*v + 7*v - 1125. What is the units digit of (-6)/j - (-5)/(v/(-3549))?
9
Suppose 0 = -5*g + 4*h + 23, 2*h = 2*g - 3*g - 1. Suppose g*v = 3*m + 831, 0*v + 1106 = 4*v - 5*m. Suppose -8*a + v = -329. What is the tens digit of a?
7
Suppose -5*k = -5*o + 43160, -3*o + 21831 + 4077 = 3*k. What is the tens digit of o?
3
Suppose 118142 = 4*r - 2*f, 111971 = 7*r - 3*f - 94780. What is the ten thousands digit of r?
2
Suppose -810*t + 760*t = -305300. What is the hundreds digit of t?
1
Let c(u) = u**2 - 35*u + 7188. What is the hundreds digit of c(0)?
1
Let f = -13998 - -55903. What is the tens digit of f?
0
Let m be ((-91)/2)/(-7)*(104 + 0). Let g = -347 + m. What is the hundreds digit of g?
3
Let m = -17 + 29. Suppose 0 = 5*n + 3*k - 17, -n - 3*n + m = 2*k. What is the units digit of 44 - -2 - (n - -4)?
1
Suppose 179*s = 181*s - 8. Suppose 4*w = -3*l + 1788, 7*w - 1784 = 3*w - s*l. What is the units digit of w?
0
Let q(f) = -f**3 - 434*f + 19428. What is the hundreds digit of q(0)?
4
What is the ten thousands digit of (12 - 1644372/(-24)) + 4 - (-3)/(-2)?
6
Suppose 0*g + 4*r - 66 = g, -5*r = -25. Let z = g - -48. What is the units digit of 34 - (-4)/6*(1 + z)?
6
Let g = 82 + -77. Suppose 4975 = g*z + n, 2*n + 1978 = -2*z + 4*z. What is the units digit of z?
4
Suppose -5*m - 123642 = -4*d, -46397 = -5*d + m + 108166. What is the units digit of d?
3
Let v = 143 + -141. Suppose 4*r - 310 = v*q + 516, -5*q = 4*r - 805. What is the units digit of r?
5
Let q = -215 + 221. What is the tens digit of 9/q*(-8980)/(-30)?
4
Let b(v) be the third derivative of 263*v**5/12 + v**4/6 - 5*v**3/6 - 20*v**2. What is the thousands digit of b(1)?
1
Let d be (-9 - -8)*(0 - 1). Let q be -44 + 40 - (d - 4)/1. Let c = q + 144. What is the hundreds digit of c?
1
Suppose 1488*f = 1478*f + 72590. What is the units digit of f?
9
Let y = 1290 + -645. Suppose -5*h - 14 = -4*j - 5, 3*h = 4*j - 15. Suppose d - j*d = -y. What is the tens digit of d?
2
What is the thousands digit of (-48465206)/(-1073) - (-22)/407?
5
Let r = -428 + 610. Let v be r/(-39)*72/(-14). Suppose o - v = -2*h + 36, h = 4*o + 30. What is the tens digit of h?
3
Suppose -239*g + 121*g + 103*g = -843630. What is the tens digit of g?
4
What is the hundreds digit of (3 + (-9)/(-27))/(6/7389)?
1
Suppose 45*n = 2406838 - 466933. What is the thousands digit of n?
3
Let d(t) = t**2 - 2*t - 15. Let p be d(5). Let j = 60 - 56. Suppose -100 = -v - 3*v + 4*y, p = j*v - 2*y - 100. What is the units digit of v?
5
Let y(m) = -m**2 + 14*m - 14. Let k be y(14). Let c = -10 - k. What is the tens digit of (-22)/c*(-1 + -1)?
1
Let o = 138 + -117. Suppose -10*b + o = -9*b. Suppose -5*y - 2976 = -b*y. What is the hundreds digit of y?
1
Suppose -9*h - 493 = -2122. Suppose -h*d + 178*d + 864 = 0. What is the tens digit of d?
8
Let m = -32298 - -58087. What is the hundreds digit of m?
7
Let f = 95 + -101. Let j be f/8 - (-6909)/28. Suppose -9*t - j = -11*t. What is the units digit of t?
3
Suppose -24*t + 31*t = -5558. Let f = -263 - t. What is the units digit of f?
1
What is the tens digit of (-2)/18 - (-16)/(-720)*-461165?
4
Let m(w) = w**2 - 2*w - 1. Let d(f) = -7*f**2 - 6*f - 42. Let n(l) = -d(l) + 6*m(l). What is the units digit of n(-6)?
0
Let n(o) = o**2 - 9*o - 6. Let v be n(0). What is the tens digit of v - (-2112 + 24/6)?
0
Let p be 50/(-20)*1126/(-5) - -3. Let i = -92 + p. Suppose -4*g - 94 = -i. What is the units digit of g?
5
Let x = 2908 - 1660. Let s = -502 + x. What is the units digit of s?
6
Let s(r) = -r - 15. Let n be s(4). Let i = n - -70. Suppose 4*a - 104 = -4*v, 2*a - 2*v - 21 = i. What is the tens digit of a?
3
Suppose 9*z + 11 = 2. Let x(p) = 48*p + 4. Let g be x(z). Let u = 100 + g. What is the tens digit of u?
5
Let c be 0/((-12)/(-20) - (-2)/5). Suppose 11*j - 13*j - 8 = c. What is the units digit of (-187)/(-3) - (32/12)/j?
3
What is the hundreds digit of 702 + 77 + 2*(-7 - -4)?
7
Suppose -s + 12282 = -y - 0*y, -24558 = -2*s + 4*y. What is the hundreds digit of s?
2
Let t(a) = -281*a**2 - 10*a + 18. Let q be t(4). Let l = q - -11670. What is the tens digit of 2/(-10) - (l/20)/(-3)?
1
What is the ten thousands digit of (-30)/50 + ((-576)/18)/((-10)/15728)?
5
What is the thousands digit of 3 + -7 + 4931 + -14?
4
Let o(j) = 0 - 3*j**2 - 3*j + 0*j**3 - j**3 - 5. Suppose -46 = -2*i - 56. What is the units digit of o(i)?
0
Let u(x) = 6*x**3 - 11*x**2 - 5*x + 7. Let l(q) = -5*q**3 + 10*q**2 + 5*q - 7. Let o(r) = 5*l(r) + 4*u(r). What is the units digit of o(3)?
5
Let b = 6925 - -7143. What is the hundreds digit of b?
0
Let r = 252 + -106. Let p(h) = 2*h**2 - h + 1. Let b be p(1). Suppose 5*j + b*u - 375 = 0, -3*j - 4*u = -r - 79. What is the tens digit of j?
7
Let a be (22/(-3))/((-30)/540). Let b = a - -935. What is the units digit of b?
7
Let s = 2156 + -4474. What is the tens digit of (-42)/(-28)*s/(-3)?
5
Let a(l) = 83*l**2 - 8*l + 3. Suppose -o - 2 + 19 = 3*s, 2*o + 2*s = 14. What is the tens digit of a(o)?
1
Let b = 425 - 397. Suppose b*c - 6944 = 3192. What is the tens digit of c?
6
Let q(r) = 10*r**3 + 4*r**2 - 5*r - 8. What is the thousands digit of q(8)?
5
Let b(c) = 13*c - 28. Let h(f) = -f - 2. Let a(z) = -b(z) - 2*h(z). Suppose -29 = 6*n + 61. What is the hundreds digit of a(n)?
1
Let g(n) = 105*n**3 + 5*n - 10. Let h be g(2). Suppose 4*a + 2*t = 1682, 420 = 3*a + 3*t - h. What is the units digit of a?
1
What is the tens digit of 0 - 11/(110/(-20)) - -8632?
3
Let j(s) = -38*s - 1. Let a(l) = -10*l**2 + 179*l + 10. Let b(n) = -a(n) - 5*j(n). Let r = 6 + -1. What is the hundreds digit of b(r)?
3
What is the hundreds digit of 2/(-5 - 317289/(-126910)*2)?
0
Suppose 2696 + 3240 = -8*u. Let z = -561 - u. What is the tens digit of z?
8
Let c(b) = 21*b**2 - 1016*b + 187. What is the hundreds digit of c(55)?
8
Let p be (1/(2/6) - 0) + 1. Suppose 0 = -p*r - 18 - 2. What is the units digit of 206/4*1*(r + 7)?
3
W